{"id":288,"date":"2025-03-13T00:11:29","date_gmt":"2025-03-13T03:11:29","guid":{"rendered":"https:\/\/agronext.com.ar\/index.php\/producto\/soil-moisture-sensor\/"},"modified":"2025-10-15T09:38:43","modified_gmt":"2025-10-15T12:38:43","slug":"soil-moisture-sensor","status":"publish","type":"product","link":"https:\/\/agronext.com.ar\/index.php\/producto\/soil-moisture-sensor\/","title":{"rendered":"Sensor de humedad de suelo"},"content":{"rendered":"<p>El sensor de humedad del suelo Watermark\u00ae utiliza resistencia el\u00e9ctrica para medir el nivel de humedad del suelo. No requiere mantenimiento peri\u00f3dico durante la temporada de crecimiento. Simplemente enti\u00e9rrelo a la profundidad deseada y monitoree los niveles de humedad durante toda la temporada.<br \/>\nEl sensor de humedad del suelo debe conectarse a una estaci\u00f3n de humedad\/temperatura para hojas y suelo (n.\u00b0 6345) (hasta cuatro sensores) o a un nodo EnviroMonitor.<br \/>\nIncluye cable de 4,6 m (15 pies).<\/p>\n","protected":false},"excerpt":{"rendered":"<p>Sensor de humedad de suelo.<\/p>\n","protected":false},"featured_media":556,"comment_status":"open","ping_status":"closed","template":"","meta":{"_et_pb_use_builder":"","_et_pb_old_content":"","_et_gb_content_width":"","_joinchat":[]},"product_brand":[],"product_cat":[37,20,21,28,27],"product_tag":[],"class_list":{"0":"post-288","1":"product","2":"type-product","3":"status-publish","4":"has-post-thumbnail","6":"product_cat-accesorios-sensores","7":"product_cat-monitoreo-climatico","8":"product_cat-estaciones-meteorologicas","9":"product_cat-repuestos","10":"product_cat-medidores-ambientales","12":"first","13":"instock","14":"shipping-taxable","15":"product-type-simple"},"_links":{"self":[{"href":"https:\/\/agronext.com.ar\/index.php\/wp-json\/wp\/v2\/product\/288","targetHints":{"allow":["GET"]}}],"collection":[{"href":"https:\/\/agronext.com.ar\/index.php\/wp-json\/wp\/v2\/product"}],"about":[{"href":"https:\/\/agronext.com.ar\/index.php\/wp-json\/wp\/v2\/types\/product"}],"replies":[{"embeddable":true,"href":"https:\/\/agronext.com.ar\/index.php\/wp-json\/wp\/v2\/comments?post=288"}],"wp:featuredmedia":[{"embeddable":true,"href":"https:\/\/agronext.com.ar\/index.php\/wp-json\/wp\/v2\/media\/556"}],"wp:attachment":[{"href":"https:\/\/agronext.com.ar\/index.php\/wp-json\/wp\/v2\/media?parent=288"}],"wp:term":[{"taxonomy":"product_brand","embeddable":true,"href":"https:\/\/agronext.com.ar\/index.php\/wp-json\/wp\/v2\/product_brand?post=288"},{"taxonomy":"product_cat","embeddable":true,"href":"https:\/\/agronext.com.ar\/index.php\/wp-json\/wp\/v2\/product_cat?post=288"},{"taxonomy":"product_tag","embeddable":true,"href":"https:\/\/agronext.com.ar\/index.php\/wp-json\/wp\/v2\/product_tag?post=288"}],"curies":[{"name":"wp","href":"https:\/\/api.w.org\/{rel}","templated":true}]}}