{"id":301,"date":"2025-03-13T00:11:36","date_gmt":"2025-03-13T03:11:36","guid":{"rendered":"https:\/\/agronext.com.ar\/index.php\/producto\/sensor-transmitting-station-wireless-solar-powered\/"},"modified":"2025-11-28T15:54:07","modified_gmt":"2025-11-28T18:54:07","slug":"sensor-transmitting-station-wireless-solar-powered","status":"publish","type":"product","link":"https:\/\/agronext.com.ar\/index.php\/producto\/sensor-transmitting-station-wireless-solar-powered\/","title":{"rendered":"Estaci\u00f3n transmisora de sensores, inal\u00e1mbrica, alimentada por energ\u00eda solar"},"content":{"rendered":"","protected":false},"excerpt":{"rendered":"<p>A\u00f1ade las ventajas de la aspiraci\u00f3n por ventilador a tu Vantage Pro2 o Pro2 Plus, inal\u00e1mbrico o con cable. Cuesta la mitad que nuestro protector de radiaci\u00f3n con aspiraci\u00f3n por ventilador de 24 horas, pero casi un 75 % menos de eficacia para reducir los efectos de la radiaci\u00f3n diurna. El ventilador funciona con energ\u00eda solar durante el d\u00eda. Al no tener bater\u00eda de respaldo, el ventilador deja de funcionar al anochecer y los efectos de la radiaci\u00f3n son menores.<br \/>\nEl kit incluye ventilador, panel solar, placas adicionales de protecci\u00f3n contra la radiaci\u00f3n y herrajes.<br \/>\nNo compatible con el Vantage Pro original.<\/p>\n","protected":false},"featured_media":561,"comment_status":"open","ping_status":"closed","template":"","meta":{"_et_pb_use_builder":"","_et_pb_old_content":"","_et_gb_content_width":"","_joinchat":[]},"product_brand":[38],"product_cat":[37,20,21],"product_tag":[],"class_list":{"0":"post-301","1":"product","2":"type-product","3":"status-publish","4":"has-post-thumbnail","6":"product_brand-davis","7":"product_cat-accesorios-sensores","8":"product_cat-monitoreo-climatico","9":"product_cat-estaciones-meteorologicas","11":"first","12":"instock","13":"shipping-taxable","14":"product-type-simple"},"_links":{"self":[{"href":"https:\/\/agronext.com.ar\/index.php\/wp-json\/wp\/v2\/product\/301","targetHints":{"allow":["GET"]}}],"collection":[{"href":"https:\/\/agronext.com.ar\/index.php\/wp-json\/wp\/v2\/product"}],"about":[{"href":"https:\/\/agronext.com.ar\/index.php\/wp-json\/wp\/v2\/types\/product"}],"replies":[{"embeddable":true,"href":"https:\/\/agronext.com.ar\/index.php\/wp-json\/wp\/v2\/comments?post=301"}],"wp:featuredmedia":[{"embeddable":true,"href":"https:\/\/agronext.com.ar\/index.php\/wp-json\/wp\/v2\/media\/561"}],"wp:attachment":[{"href":"https:\/\/agronext.com.ar\/index.php\/wp-json\/wp\/v2\/media?parent=301"}],"wp:term":[{"taxonomy":"product_brand","embeddable":true,"href":"https:\/\/agronext.com.ar\/index.php\/wp-json\/wp\/v2\/product_brand?post=301"},{"taxonomy":"product_cat","embeddable":true,"href":"https:\/\/agronext.com.ar\/index.php\/wp-json\/wp\/v2\/product_cat?post=301"},{"taxonomy":"product_tag","embeddable":true,"href":"https:\/\/agronext.com.ar\/index.php\/wp-json\/wp\/v2\/product_tag?post=301"}],"curies":[{"name":"wp","href":"https:\/\/api.w.org\/{rel}","templated":true}]}}