{"id":942,"date":"2025-10-08T19:34:44","date_gmt":"2025-10-08T22:34:44","guid":{"rendered":"https:\/\/agronext.com.ar\/?post_type=product&#038;p=942"},"modified":"2025-12-10T17:09:48","modified_gmt":"2025-12-10T20:09:48","slug":"drone-agricola-jt40l-404-40-l-4-ejes-4-helices","status":"publish","type":"product","link":"https:\/\/agronext.com.ar\/index.php\/producto\/drone-agricola-jt40l-404-40-l-4-ejes-4-helices\/","title":{"rendered":"Drone Agr\u00edcola JT40L-404 (40 L, 4 ejes, 4 h\u00e9lices)"},"content":{"rendered":"<h4 data-start=\"217\" data-end=\"254\"><strong data-start=\"222\" data-end=\"254\">Especificaciones principales<\/strong><\/h4>\n<ul data-start=\"255\" data-end=\"403\">\n<li data-start=\"255\" data-end=\"289\">\n<p data-start=\"257\" data-end=\"289\"><strong data-start=\"257\" data-end=\"282\">Capacidad del tanque:<\/strong> 40 L<\/p>\n<\/li>\n<li data-start=\"290\" data-end=\"323\">\n<p data-start=\"292\" data-end=\"323\"><strong data-start=\"292\" data-end=\"313\">Ancho de rociado:<\/strong> 10\u201312 m<\/p>\n<\/li>\n<li data-start=\"324\" data-end=\"371\">\n<p data-start=\"326\" data-end=\"371\"><strong data-start=\"326\" data-end=\"358\">Eficiencia de pulverizaci\u00f3n:<\/strong> 16\u201318 ha\/h<\/p>\n<\/li>\n<li data-start=\"372\" data-end=\"403\">\n<p data-start=\"374\" data-end=\"403\"><strong data-start=\"374\" data-end=\"386\">Bater\u00eda:<\/strong> 18S 30 000 mAh<\/p>\n<\/li>\n<\/ul>\n<h4 data-start=\"405\" data-end=\"440\"><strong data-start=\"410\" data-end=\"440\">Caracter\u00edsticas destacadas<\/strong><\/h4>\n<ul data-start=\"441\" data-end=\"721\">\n<li data-start=\"441\" data-end=\"521\">\n<p data-start=\"443\" data-end=\"521\"><strong data-start=\"443\" data-end=\"484\">Boquillas centr\u00edfugas de alta calidad<\/strong> para una atomizaci\u00f3n m\u00e1s uniforme.<\/p>\n<\/li>\n<li data-start=\"522\" data-end=\"562\">\n<p data-start=\"524\" data-end=\"562\"><strong data-start=\"524\" data-end=\"560\">\u00c1ngulo de pulverizaci\u00f3n de 130\u00b0.<\/strong><\/p>\n<\/li>\n<li data-start=\"563\" data-end=\"607\">\n<p data-start=\"565\" data-end=\"607\"><strong data-start=\"565\" data-end=\"594\">Tama\u00f1o de gota ajustable:<\/strong> 50\u2013200 \u03bcm.<\/p>\n<\/li>\n<li data-start=\"608\" data-end=\"659\">\n<p data-start=\"610\" data-end=\"659\"><strong data-start=\"610\" data-end=\"657\">Medidor de flujo ultras\u00f3nico de doble tubo.<\/strong><\/p>\n<\/li>\n<li data-start=\"660\" data-end=\"721\">\n<p data-start=\"662\" data-end=\"721\"><strong data-start=\"662\" data-end=\"719\">Radar de detecci\u00f3n de obst\u00e1culos delantero y trasero.<\/strong><\/p>\n<\/li>\n<\/ul>\n<hr data-start=\"723\" data-end=\"726\" \/>\n<h3 data-start=\"728\" data-end=\"776\">\ud83c\udf3e <strong data-start=\"735\" data-end=\"776\">Funci\u00f3n de Rociado y Esparcido 2 en 1<\/strong><\/h3>\n<ul data-start=\"777\" data-end=\"1062\">\n<li data-start=\"777\" data-end=\"813\">\n<p data-start=\"779\" data-end=\"813\"><strong data-start=\"779\" data-end=\"806\">Capacidad del dep\u00f3sito:<\/strong> 70 L<\/p>\n<\/li>\n<li data-start=\"814\" data-end=\"850\">\n<p data-start=\"816\" data-end=\"850\"><strong data-start=\"816\" data-end=\"839\">Tasa de aplicaci\u00f3n:<\/strong> 5.5 ha\/h<\/p>\n<\/li>\n<li data-start=\"851\" data-end=\"921\">\n<p data-start=\"853\" data-end=\"921\"><strong data-start=\"853\" data-end=\"867\">Autonom\u00eda:<\/strong> 6 bater\u00edas (40 kg cada una, total 240 kg de carga).<\/p>\n<\/li>\n<li data-start=\"922\" data-end=\"970\">\n<p data-start=\"924\" data-end=\"970\"><strong data-start=\"924\" data-end=\"936\">Alcance:<\/strong> 6\u201315 m (seg\u00fan altura de vuelo).<\/p>\n<\/li>\n<li data-start=\"971\" data-end=\"1007\">\n<p data-start=\"973\" data-end=\"1007\"><strong data-start=\"973\" data-end=\"994\">Velocidad m\u00e1xima:<\/strong> 80 kg\/min.<\/p>\n<\/li>\n<li data-start=\"1008\" data-end=\"1062\">\n<p data-start=\"1010\" data-end=\"1062\"><strong data-start=\"1010\" data-end=\"1037\">Materiales compatibles:<\/strong> gr\u00e1nulos de 0.5\u201310 mm.<\/p>\n<\/li>\n<\/ul>\n<hr data-start=\"1064\" data-end=\"1067\" \/>\n<h3 data-start=\"1069\" data-end=\"1114\">\u2696\ufe0f <strong data-start=\"1076\" data-end=\"1114\">M\u00f3dulo de Pesaje de Alta Precisi\u00f3n<\/strong><\/h3>\n<ul data-start=\"1115\" data-end=\"1245\">\n<li data-start=\"1115\" data-end=\"1179\">\n<p data-start=\"1117\" data-end=\"1179\">Detecci\u00f3n en <strong data-start=\"1130\" data-end=\"1177\">tiempo real del peso restante del material.<\/strong><\/p>\n<\/li>\n<li data-start=\"1180\" data-end=\"1245\">\n<p data-start=\"1182\" data-end=\"1245\"><strong data-start=\"1182\" data-end=\"1203\">Monitoreo preciso<\/strong> del peso de carga durante la operaci\u00f3n.<\/p>\n<\/li>\n<\/ul>\n<p>&nbsp;<\/p>\n","protected":false},"excerpt":{"rendered":"<p>Especificaciones principales Capacidad del tanque: 40 L Ancho de rociado: 10\u201312 m Eficiencia de pulverizaci\u00f3n: 16\u201318 ha\/h Bater\u00eda: 18S 30 000 mAh Caracter\u00edsticas destacadas Boquillas centr\u00edfugas de alta calidad para una atomizaci\u00f3n m\u00e1s uniforme. \u00c1ngulo de pulverizaci\u00f3n de 130\u00b0. Tama\u00f1o de gota ajustable: 50\u2013200 \u03bcm. Medidor de flujo ultras\u00f3nico de doble tubo. Radar de detecci\u00f3n [&hellip;]<\/p>\n","protected":false},"featured_media":944,"comment_status":"open","ping_status":"closed","template":"","meta":{"_et_pb_use_builder":"","_et_pb_old_content":"","_et_gb_content_width":"","_joinchat":[]},"product_brand":[],"product_cat":[35,26],"product_tag":[],"class_list":{"0":"post-942","1":"product","2":"type-product","3":"status-publish","4":"has-post-thumbnail","6":"product_cat-destacados","7":"product_cat-pulverizacion","9":"first","10":"instock","11":"shipping-taxable","12":"product-type-simple"},"_links":{"self":[{"href":"https:\/\/agronext.com.ar\/index.php\/wp-json\/wp\/v2\/product\/942","targetHints":{"allow":["GET"]}}],"collection":[{"href":"https:\/\/agronext.com.ar\/index.php\/wp-json\/wp\/v2\/product"}],"about":[{"href":"https:\/\/agronext.com.ar\/index.php\/wp-json\/wp\/v2\/types\/product"}],"replies":[{"embeddable":true,"href":"https:\/\/agronext.com.ar\/index.php\/wp-json\/wp\/v2\/comments?post=942"}],"wp:featuredmedia":[{"embeddable":true,"href":"https:\/\/agronext.com.ar\/index.php\/wp-json\/wp\/v2\/media\/944"}],"wp:attachment":[{"href":"https:\/\/agronext.com.ar\/index.php\/wp-json\/wp\/v2\/media?parent=942"}],"wp:term":[{"taxonomy":"product_brand","embeddable":true,"href":"https:\/\/agronext.com.ar\/index.php\/wp-json\/wp\/v2\/product_brand?post=942"},{"taxonomy":"product_cat","embeddable":true,"href":"https:\/\/agronext.com.ar\/index.php\/wp-json\/wp\/v2\/product_cat?post=942"},{"taxonomy":"product_tag","embeddable":true,"href":"https:\/\/agronext.com.ar\/index.php\/wp-json\/wp\/v2\/product_tag?post=942"}],"curies":[{"name":"wp","href":"https:\/\/api.w.org\/{rel}","templated":true}]}}